 3*k = -f + 8. What is the greatest common divisor of k and r?
2
Suppose -28*g + 6 = -31*g. Let s be 98*(-4 + (-9)/g). Let t = s - 10. Calculate the greatest common factor of 26 and t.
13
Let d = 2 + -1. Suppose -13*x = d - 79. Suppose 5*h - 209 = v, 2 = -2*v + 4. Calculate the greatest common divisor of h and x.
6
Let u = -52 + -2. Let m be 1/2 + u/(-4). Suppose 0 = -4*f + 134 - m. What is the highest common factor of 75 and f?
15
Let y(f) be the first derivative of -3*f**4 - 2*f**3/3 + f + 3. Let r be y(-1). Calculate the greatest common factor of 11 and r.
11
Let t be 22172/690 - (-2)/(-15). Let h be (3 + -4)*-1 - -1. Calculate the greatest common divisor of t and h.
2
Let x = 54 - 34. Let m(u) = 4*u**3 + 2*u - 2. Let o be m(1). Suppose 23 = 2*t + 3*n, -3*n - n = -o. What is the highest common divisor of x and t?
10
Suppose -4*f = r - 60, -2*f + 5*r + 30 = 2*r. Suppose -32 = -4*y - 8. Calculate the greatest common divisor of f and y.
3
Let z = -9 - -13. Let m = 118 - 111. Let h be 310/m - (-2)/(-7). Calculate the highest common factor of h and z.
4
Let j(g) = -52*g - 136. Let r be j(-3). Calculate the greatest common divisor of 180 and r.
20
Let a(c) = -c**2 - 13*c - 10. Let p be a(-12). Suppose p*t = 3*t - 25. What is the highest common factor of 225 and t?
25
Let x be (-15)/(((-6)/(-4)*3)/(-3)). Let p = 138 + -68. Calculate the highest common divisor of x and p.
10
Let z(b) be the third derivative of b**5/60 - b**4/12 + b**3/2 - 9*b**2. Let j be z(8). What is the greatest common factor of j and 102?
51
Suppose -5*y + 55 + 0 = 0. Suppose -v + 3 = 0, -k - 5*v + y = -8*v. Calculate the greatest common factor of 15 and k.
5
Suppose 60 = -2*b + 2*s, -2*b + 2*s = 2*b + 124. Let x = 13 - b. Calculate the highest common factor of x and 15.
15
Suppose 4*l - 7 = 41. Suppose 12 = 3*f - 0*f. Suppose -2*o + 298 = 4*m - 82, -f*m - 3*o + 378 = 0. What is the highest common factor of m and l?
12
Suppose 32*t - 650 = 22*t. Calculate the highest common factor of 2145 and t.
65
Let t be (-12 + 5)/21 + (-32)/(-6). Let p(f) = f**2 - 4*f - 3*f + 2*f + 9. Let l be p(t). Calculate the greatest common divisor of l and 81.
9
Let y be 1/(-1 - 1/(-2)). Let l be (8 + y)/(9/12). Suppose -3*r = -260 + 92. Calculate the highest common divisor of l and r.
8
Suppose 0 = -6*h + 3*h + i + 229, -2*h - 5*i + 130 = 0. Calculate the greatest common factor of h and 45.
15
Let l be 86/((-160)/420 + 2/3). What is the greatest common divisor of l and 258?
43
Suppose -166 = -4*b + 26. Let x(y) = -6*y + 2*y + 11 - 2 - 1. Let a be x(-6). What is the highest common divisor of a and b?
16
Let s be (-3 - -3)*(-1)/(-3). Suppose 4*x - 2*x + 8 = s. Let k(w) = -w**3 - 5*w**2 - 5*w. Let n be k(x). What is the highest common factor of n and 6?
2
Let o be (0 - -2)/1*1. Suppose 0 = -2*y - 3*b - 2, -y + 5*b + 6 + 6 = 0. What is the greatest common divisor of y and o?
2
Let h(r) = -38*r + 924. Let k be h(24). What is the greatest common divisor of k and 162?
6
Suppose -203 - 952 = -33*h. Calculate the greatest common divisor of h and 385.
35
Let n(u) = -u**3 - 9*u**2 - 9*u - 2. Let w be n(-8). Suppose y = w*y, 3*s - y = 63. Calculate the greatest common factor of s and 14.
7
Let h be 3 - -3 - ((-35)/(-7) + -51). Calculate the highest common divisor of h and 78.
26
Suppose 1046 = 4*g + 2*v, -3*g + 477 = 5*v - 290. Calculate the greatest common divisor of 72 and g.
24
Let w(n) be the third derivative of n**5/12 - n**4/12 + 2*n**3/3 - 13*n**2. Let l be w(-2). Calculate the highest common factor of 4 and l.
4
Suppose 0 = -3*v + 5*x + 307, -31*x = -v - 28*x + 101. What is the greatest common factor of v and 117?
13
Suppose 40 = -l + 5*l. Let i = -24 + 18. Let s be (320/(-24))/(2/i). What is the highest common divisor of l and s?
10
Let s be (-3)/6 - (1449/14)/(-9). What is the highest common factor of 11 and s?
11
Let t be -5*2*(-4)/5. Let p(h) = 2*h**2 - 58*h + 484. Let q be p(11). What is the highest common factor of t and q?
8
Suppose 0 = -4*q + 2*t - 74, 3*q + 19 = 5*t - 40. Suppose 4*k + 1 = 5*k, -3*d + 2*k = -55. Let g = q + d. Calculate the greatest common factor of 3 and g.
1
Let m be (-2)/(-4)*(5 + 7). Suppose 0 = m*l - 27 + 249. Let j = -33 - l. Calculate the greatest common factor of 28 and j.
4
Let g = 1017 - 1006. Suppose -4*z + 188 = 2*i, z - 455 = -5*i - 4*z. What is the greatest common factor of i and g?
11
Let p = 115 + 51. Let i = p - 92. Let l be 1/(-3) + i/6. Calculate the highest common factor of l and 18.
6
Let w be ((-56)/(-12))/((-4)/(-90)). Suppose -1859 = -43*s - 14*s + 136. Calculate the greatest common divisor of s and w.
35
Suppose -3*n = 4*g - 48, 2*g - 14 = -n + 10. Let l be 4 - 5 - 1*-73. Let b = l - -24. What is the highest common divisor of g and b?
12
Suppose 0 = 2*t - 5*k + 23, 0 = t + 3*t - 5*k + 21. Let x be (2 - -75) + (-2 - t). Calculate the highest common divisor of x and 37.
37
Let v(l) = 8*l**3 - 5*l**2 + l + 6. Let o be v(3). Suppose -3*f = -4*x - 8*f + 720, o = x + f. Calculate the greatest common factor of x and 20.
20
Let l(c) be the second derivative of 0 - 5/3*c**3 + 3*c**2 + 5*c. Let m be l(-5). Calculate the greatest common factor of m and 8.
8
Let n be (1 - -104)*8*3/36. What is the highest common factor of 112 and n?
14
Let a be (0/(-2))/(-1 + 2). Let g be 5/1*(a + 1). Suppose u + 0*l + 14 = -5*l, u = -3*l - 8. What is the greatest common factor of u and g?
1
Suppose -3*c + 20 = 2*r + 2*c, c = -5*r + 73. Calculate the greatest common divisor of r and 1095.
15
Suppose 5*g = -r - 0 + 21, -5*r - g = -105. What is the highest common divisor of 399 and r?
21
Let k = -244 + 321. Calculate the greatest common divisor of 91 and k.
7
Let a be ((-136)/(-6))/(8/132). Suppose 0 = 3*j + 2*m - 98, -j + 2*m - 64 = -3*j. Calculate the highest common divisor of j and a.
34
Let l = 38 - -56. Suppose -5*r = q - 34, -5*r + l - 18 = 4*q. What is the highest common factor of q and 28?
14
Let s be (2 - -92)*(-4 + 6) - -2. Calculate the highest common divisor of 10 and s.
10
Let y = -3 + 6. Suppose -b + 39 = -m + y*m, -4*m + 5*b + 99 = 0. Calculate the greatest common factor of 7 and m.
7
Suppose 2*q + 2 - 71 = -x, 4*q - 5*x = 145. What is the highest common divisor of q and 84?
7
Suppose -45*j - 26*j + 71 = 0. Calculate the highest common factor of 17 and j.
1
Suppose 16 = -4*l, -2*b + 125 + 35 = -3*l. Let i = -3 + b. Let h = i + -27. Calculate the greatest common divisor of 4 and h.
4
Suppose 46*r = 43*r + 24. What is the highest common factor of r and 24?
8
Let z(v) = v**2 + 9*v + 2. Let o be z(-7). Let n = o - -18. Suppose 720 = -n*y + 11*y. Calculate the greatest common factor of 16 and y.
16
Let r(n) = n + 4. Let u be r(-4). Let y be 2/1 + (1 - u). Let s be 3*(y + 20/(-12)). What is the greatest common factor of s and 44?
4
Let h be (0 - -54)*(1/2 + 1). Suppose 9*l = h + 855. Suppose -2*b - 3*b = 5*c - 45, 60 = 4*b - 2*c. What is the greatest common factor of b and l?
13
Suppose -4*g = u - 14 - 95, -2*u + 278 = -4*g. Calculate the highest common divisor of 3 and u.
3
Suppose j + 834 = 5*q - 1188, -j + 3 = 0. Calculate the greatest common factor of q and 5.
5
Suppose 2*f - 24 = -5*j - 2*f, 4*j - f = 15. Let s be 1 + -3 + 12/j. What is the highest common divisor of s and 2?
1
Suppose 7*k - 9 = 10*k. Let r(j) = -2*j - 5. Let p be r(k). Calculate the highest common factor of p and 2.
1
Let z = -102 + 137. Calculate the highest common factor of 126 and z.
7
Let r = -8 - -43. Let s = r + -20. Let k = 4134 - 4131. What is the highest common divisor of k and s?
3
Suppose 4*q + 197 = 3*c + 6*q, 3*c - 5*q - 232 = 0. What is the greatest common factor of c and 46?
23
Let c = 118 + -40. Let o = c + -37. Suppose 4*p + 5*z - o - 13 = 0, -3*z = 6. Calculate the highest common factor of 80 and p.
16
Let c(z) = -109*z - 165. Let b be c(-3). What is the highest common divisor of 126 and b?
18
Let j = -11 + 16. Suppose 0 = -3*k - k + 20. Suppose -2*m + 13 = m + o, k*o = m - 15. What is the greatest common factor of j and m?
5
Let n be 0/(1 - 5) + 105. Let v = n + -31. What is the highest common divisor of v and 37?
37
Let l(b) = 13*b**2 - 2*b + 3. Let f be l(1). What is the highest common divisor of f and 154?
14
Let l be -1*(2 - (-2 + 4)). Suppose -5*y = -5*r - 1185, 721 = 3*y - l